hat is the greatest common divisor of 95 and 247?
19
What is the highest common factor of 58 and 551?
29
What is the highest common divisor of 5782 and 98?
98
Calculate the greatest common factor of 1308 and 24.
12
Calculate the greatest common divisor of 100 and 5000.
100
Calculate the greatest common divisor of 168 and 273.
21
What is the highest common divisor of 248 and 16554?
62
What is the highest common divisor of 74 and 20794?
74
Calculate the highest common factor of 319 and 99.
11
Calculate the greatest common factor of 750 and 6.
6
What is the highest common factor of 126 and 234?
18
Calculate the greatest common divisor of 70 and 4300.
10
Calculate the highest common factor of 450 and 135.
45
What is the highest common divisor of 50 and 13550?
50
Calculate the greatest common factor of 8868 and 96.
12
Calculate the greatest common factor of 156 and 2964.
156
Calculate the highest common factor of 2163 and 42.
21
Calculate the highest common divisor of 22 and 1738.
22
Calculate the greatest common factor of 324 and 396.
36
What is the highest common factor of 18 and 72?
18
What is the highest common divisor of 2586 and 6?
6
What is the greatest common divisor of 242 and 44?
22
Calculate the greatest common divisor of 30 and 1335.
15
What is the greatest common divisor of 638 and 154?
22
What is the greatest common divisor of 96 and 4672?
32
What is the greatest common factor of 68 and 7684?
68
What is the highest common divisor of 322 and 6?
2
What is the greatest common factor of 16050 and 150?
150
Calculate the greatest common divisor of 3360 and 455.
35
Calculate the highest common factor of 18 and 30.
6
Calculate the highest common factor of 104 and 112.
8
Calculate the highest common divisor of 427 and 7.
7
Calculate the greatest common factor of 825 and 66.
33
What is the greatest common factor of 80 and 100?
20
Calculate the greatest common factor of 6 and 111.
3
What is the highest common divisor of 406 and 14?
14
Calculate the greatest common divisor of 20090 and 50.
10
What is the highest common divisor of 140 and 40?
20
Calculate the highest common divisor of 15618 and 114.
114
What is the highest common divisor of 871 and 670?
67
What is the highest common divisor of 45 and 255?
15
Calculate the highest common factor of 41 and 41000.
41
What is the highest common divisor of 1717 and 202?
101
What is the greatest common factor of 2494 and 430?
86
What is the greatest common divisor of 216 and 135?
27
What is the greatest common divisor of 24 and 102?
6
What is the greatest common divisor of 2412 and 18?
18
Calculate the greatest common factor of 13116 and 12.
12
What is the highest common factor of 13579 and 37?
37
Calculate the highest common divisor of 18 and 15.
3
Calculate the greatest common factor of 7878 and 78.
78
What is the greatest common divisor of 126 and 738?
18
Calculate the highest common divisor of 638 and 232.
58
What is the greatest common factor of 132 and 22?
22
What is the greatest common factor of 295 and 15399?
59
What is the highest common factor of 451 and 41?
41
What is the highest common divisor of 136 and 8?
8
What is the greatest common factor of 59 and 14101?
59
Calculate the highest common divisor of 378 and 432.
54
What is the highest common factor of 187 and 459?
17
Calculate the highest common factor of 54 and 3105.
27
Calculate the greatest common divisor of 322 and 224.
14
Calculate the highest common divisor of 90 and 410.
10
What is the greatest common factor of 68 and 17?
17
Calculate the greatest common divisor of 81 and 15.
3
What is the greatest common divisor of 35 and 5635?
35
What is the highest common divisor of 23 and 4554?
23
Calculate the highest common divisor of 12 and 516.
12
What is the greatest common divisor of 33 and 6?
3
Calculate the highest common divisor of 7521 and 23.
23
What is the highest common divisor of 5 and 215?
5
What is the greatest common factor of 231 and 1491?
21
What is the highest common divisor of 2660 and 868?
28
Calculate the greatest common factor of 3612 and 35.
7
What is the highest common factor of 534 and 6?
6
What is the greatest common divisor of 72 and 2096?
8
What is the highest common factor of 20 and 428?
4
Calculate the highest common factor of 3 and 13.
1
What is the greatest common factor of 1218 and 26390?
406
Calculate the greatest common factor of 860 and 10535.
215
What is the highest common factor of 1616 and 48?
16
Calculate the highest common divisor of 9 and 21.
3
Calculate the greatest common factor of 145 and 87.
29
What is the highest common factor of 2965 and 15?
5
Calculate the highest common factor of 279 and 1152.
9
Calculate the highest common factor of 104 and 13.
13
What is the greatest common divisor of 570 and 30?
30
What is the greatest common factor of 2 and 254?
2
What is the greatest common factor of 345 and 280?
5
What is the greatest common factor of 5936 and 14?
14
Calculate the greatest common divisor of 106 and 3392.
106
Calculate the greatest common divisor of 450 and 5325.
75
What is the highest common divisor of 17 and 30685?
17
Calculate the highest common factor of 21 and 1162.
7
Calculate the greatest common divisor of 276 and 48.
12
Calculate the highest common divisor of 108 and 2208.
12
What is the greatest common divisor of 11 and 132?
11
What is the greatest common factor of 605 and 6215?
55
What is the greatest common divisor of 945 and 180?
45
What is the highest common factor of 63 and 2037?
21
Calculate the greatest common divisor of 21860 and 10.
10
Calculate the greatest common factor of 16579 and 118.
59
What is the highest common factor of 177 and 236?
59
Calculate the greatest common divisor of 440 and 160.
40
What is the highest common divisor of 99 and 81?
9
What is the greatest common divisor of 18 and 6?
6
What is the greatest common factor of 104 and 8216?
104
What is the greatest common factor of 12020 and 10?
10
Calculate the highest common divisor of 1918 and 42.
14
Calculate the highest common divisor of 1127 and 1862.
49
What is the highest common factor of 252 and 798?
42
What is the greatest common divisor of 372 and 4650?
186
Calculate the greatest common factor of 175 and 800.
25
Calculate the highest common factor of 285 and 435.
15
Calculate the greatest common factor of 4355 and 13.
13
What is the greatest common divisor of 102 and 13362?
102
Calculate the greatest common divisor of 28 and 91.
7
Calculate the highest common divisor of 13 and 6539.
13
Calculate the highest common divisor of 8715 and 105.
105
What is the highest common factor of 1 and 81?
1
Calculate the greatest common divisor of 70 and 130.
10
Calculate the greatest common divisor of 150 and 21225.
75
Calculate the greatest common factor of 28 and 196.
28
What is the highest common factor of 256 and 2?
2
What is the greatest common divisor of 7684 and 204?
68
Calculate the highest common factor of 854 and 14.
14
Calculate the highest common divisor of 100 and 90.
10
Calculate the highest common divisor of 23125 and 185.
185
What is the highest common factor of 1341 and 18?
9
Calculate the highest common factor of 748 and 44.
44
Calculate the greatest common factor of 110 and 40.
10
What is the highest common factor of 1269 and 1107?
27
What is the greatest common divisor of 6 and 1986?
6
What is the greatest common divisor of 7450 and 50?
50
Calculate the greatest common factor of 1313 and 13.
13
Calculate the greatest common divisor of 286 and 78.
26
What is the highest common divisor of 65 and 24960?
65
What is the highest common divisor of 3519 and 575?
23
Calculate the highest common divisor of 31 and 7409.
31
Calculate the highest common factor of 8 and 315.
1
What is the greatest common factor of 490 and 370?
10
Calculate the highest common factor of 351 and 39.
39
Calculate the highest common divisor of 336 and 12.
12
Calculate the greatest common divisor of 105 and 1645.
35
What is the highest common divisor of 14121 and 27?
27
Calculate the greatest common factor of 1280 and 50.
10
Calculate the highest common factor of 10 and 85.
5
What is the highest common factor of 1000 and 512?
8
What is the highest common divisor of 3628 and 8?
4
Calculate the greatest common factor of 80 and 64